{"id":657,"date":"2013-09-24T23:46:01","date_gmt":"2013-09-24T21:46:01","guid":{"rendered":"http:\/\/localhost:8080\/capanne-di-montagna\/"},"modified":"2013-09-24T23:46:01","modified_gmt":"2013-09-24T21:46:01","slug":"capanne-di-montagna","status":"publish","type":"page","link":"https:\/\/hotel-cuntera.ch\/it\/capanne-di-montagna\/","title":{"rendered":"Capanne di montagna"},"content":{"rendered":"<h3>Conoscete la famosa istoria di Heidi? Se volete sentirsi come questa ragazzina viveva, una delle nostre rifugi sarebbe adatto per voi.<\/h3>\n<p>La nostra capanna \u201eHexenh\u00fcsli\u201c (capanna de streghe) \u00e8 di affittare per minimo 7 giorni durante la staggione di estate. Si trova lontano di tutto il stress della citt\u00e0 al bordo del bosco, alto in montagna (1600 metri su mare). \u00c8 aderizzato molto semplice senza servizi ma in nessun altro luogo trovato una nature intatta.<\/p>\n","protected":false},"excerpt":{"rendered":"<p>Conoscete la famosa istoria di Heidi? Se volete sentirsi come questa ragazzina viveva, una delle nostre rifugi sarebbe adatto per voi. La nostra capanna \u201eHexenh\u00fcsli\u201c (capanna de streghe) \u00e8 di affittare per minimo 7 giorni durante la staggione di estate. Si trova lontano di tutto il stress della citt\u00e0 al bordo del bosco, alto in [&hellip;]<\/p>\n","protected":false},"author":1,"featured_media":0,"parent":0,"menu_order":1,"comment_status":"open","ping_status":"open","template":"","meta":{"footnotes":""},"class_list":["post-657","page","type-page","status-publish","hentry"],"_links":{"self":[{"href":"https:\/\/hotel-cuntera.ch\/it\/wp-json\/wp\/v2\/pages\/657"}],"collection":[{"href":"https:\/\/hotel-cuntera.ch\/it\/wp-json\/wp\/v2\/pages"}],"about":[{"href":"https:\/\/hotel-cuntera.ch\/it\/wp-json\/wp\/v2\/types\/page"}],"author":[{"embeddable":true,"href":"https:\/\/hotel-cuntera.ch\/it\/wp-json\/wp\/v2\/users\/1"}],"replies":[{"embeddable":true,"href":"https:\/\/hotel-cuntera.ch\/it\/wp-json\/wp\/v2\/comments?post=657"}],"version-history":[{"count":0,"href":"https:\/\/hotel-cuntera.ch\/it\/wp-json\/wp\/v2\/pages\/657\/revisions"}],"wp:attachment":[{"href":"https:\/\/hotel-cuntera.ch\/it\/wp-json\/wp\/v2\/media?parent=657"}],"curies":[{"name":"wp","href":"https:\/\/api.w.org\/{rel}","templated":true}]}}

<h3>Conoscete la famosa istoria di Heidi? Se volete sentirsi come questa ragazzina viveva, una delle nostre rifugi sarebbe adatto per voi.</h3>
<p>La nostra capanna „Hexenhüsli“ (capanna de streghe) è di affittare per minimo 7 giorni durante la staggione di estate. Si trova lontano di tutto il stress della città al bordo del bosco, alto in montagna (1600 metri su mare). È aderizzato molto semplice senza servizi ma in nessun altro luogo trovato una nature intatta.</p>

<p>Conoscete la famosa istoria di Heidi? Se volete sentirsi come questa ragazzina viveva, una delle nostre rifugi sarebbe adatto per voi. La nostra capanna „Hexenhüsli“ (capanna de streghe) è di affittare per minimo 7 giorni durante la staggione di estate. Si trova lontano di tutto il stress della città al bordo del bosco, alto in [&hellip;]</p>
